17*l - 3853. Calculate f(7).
-38
Let f(x) = -690276*x - 10354127. Calculate f(-15).
13
Let t(y) = 907*y**3 + 41*y**2 - 40*y. Calculate t(1).
908
Let t(q) = q**2 - 627*q - 32418. Determine t(-48).
-18
Let o(c) = -13*c**3 + 3*c**2 - 54*c + 183. Calculate o(4).
-817
Let n(j) = j**3 - 15*j**2 + 7202*j - 108022. Calculate n(15).
8
Let y(i) = 55727*i - 1226084. Give y(22).
-90
Let a(y) = -98*y**3 + 118*y**2 + 118*y + 1. Give a(-1).
99
Let i(d) = -d**3 - 318*d**2 - 607*d + 7942. What is i(-316)?
42
Let k(v) = v**3 + 26*v**2 + 2761*v + 65063. Determine k(-24).
-49
Let l(a) = 8*a**2 - 919*a - 1594. Give l(117).
395
Let p(k) = 172563*k - 2588451. Determine p(15).
-6
Let i(n) = 163*n**2 - 106604*n + 1306. Calculate i(654).
-2
Let p(y) = 2*y**3 + 239*y**2 - 2301*y - 28. Determine p(9).
80
Let o(y) = -y**3 - 137*y**2 - 1763*y - 5563. Give o(-123).
-520
Let a(m) = 2236*m + 31226. Give a(-14).
-78
Let k(i) = 195647*i - 587026. Give k(3).
-85
Let g(v) = 3*v**2 - 326*v + 3292. Determine g(99).
421
Let u(c) = -2*c**2 + 799*c - 77500. Give u(166).
22
Let t(x) = 4872*x - 58461. Give t(12).
3
Let n(f) = 2*f**3 + 408*f**2 + 1273*f + 13414. Determine n(-201).
-53
Let m(g) = -359*g - 219706. Determine m(-612).
2
Let v(t) = t**3 + 39*t**2 - 274*t + 315. Determine v(-45).
495
Let c(x) = -41*x - 189. Give c(-9).
180
Let h(q) = 3*q**2 + 897*q + 32414. What is h(-257)?
32
Let s(o) = -o**3 + 75*o**2 - 42*o + 8896. Determine s(76).
-72
Let p(d) = -3*d**2 - 959*d - 63036. What is p(-92)?
-200
Let n(y) = 17*y**3 + 138*y**2 + 75*y + 265. Calculate n(-8).
-207
Let v(f) = 27822*f**2 + 222579*f + 10. Give v(-8).
-14
Let h(c) = -7*c**2 + 3631*c + 29389. Determine h(-8).
-107
Let y(f) = -137*f + 16266. Give y(114).
648
Let y(l) = -5*l**3 + 2*l**2 - 459*l - 916. What is y(-2)?
50
Let r(c) = -74*c**2 + 2060*c + 123. Determine r(28).
-213
Let x(y) = 601*y - 805. Give x(1).
-204
Let w(z) = 19*z - 233. Determine w(1).
-214
Let n(u) = u**3 - 76*u**2 + 123*u - 28439. Calculate n(79).
1
Let c(w) = 3*w**3 - 23*w**2 + 2982*w - 17720. What is c(6)?
-8
Let n(h) = -h**2 - 917*h + 13875. Calculate n(15).
-105
Let l(s) = s**3 - 1228*s**2 + 2449*s + 3678. What is l(1226)?
0
Let k(x) = 2203*x - 2240441. Calculate k(1017).
10
Let v(m) = -m**2 + 7259*m - 108607. Calculate v(15).
53
Let c(g) = 7*g**3 - 2*g**2 + 126*g + 421. Give c(-4).
-563
Let b(k) = -k**3 + 141*k**2 + 9779*k + 254. Calculate b(192).
-2242
Let f(q) = -6*q**3 + 229*q**2 + 97*q + 263. Determine f(39).
-3559
Let z(b) = 4*b**3 + 36*b**2 - 58*b - 60. Give z(-9).
462
Let w(z) = -255*z**2 - 142*z + 143. What is w(1)?
-254
Let g(p) = -331*p**2 - 1713*p - 1713. What is g(-1)?
-331
Let g(i) = 161*i**3 - 2739*i**2 - 17*i + 842. What is g(17)?
-25
Let m(y) = -11817*y + 401756. Determine m(34).
-22
Let r(t) = 4*t**2 - 1884*t - 64388. What is r(-32)?
-4
Let y(g) = -3326*g - 60261. What is y(-20)?
6259
Let p(j) = -6*j**2 + 178*j + 1868. Determine p(-10).
-512
Let n(g) = 9412*g + 120598. Calculate n(-13).
-1758
Let v(w) = -12208*w + 1403881. Determine v(115).
-39
Let p(m) = 2*m**3 - 56*m**2 - 37*m + 1424. What is p(5)?
89
Let r(s) = 32*s**2 + 198*s - 957. What is r(3)?
-75
Let m(c) = 2103785*c - 12622706. What is m(6)?
4
Let d(v) = 20*v**2 - 314*v + 34. Calculate d(13).
-668
Let z(s) = -3*s**2 - 1935*s - 28626. Give z(-15).
-276
Let b(f) = -2838*f - 13107. What is b(-4)?
-1755
Let q(p) = p**3 - 10*p**2 + 2748*p - 45496. Determine q(16).
8
Let n(p) = -9*p**2 - 1895*p + 2864. Give n(-212).
108
Let n(a) = -1395*a**2 - 87887*a - 122. What is n(-63)?
4
Let x(z) = -4*z**3 - 405*z**2 - 1653*z - 391. Determine x(-97).
-3
Let j(c) = -81961*c + 10409048. What is j(127)?
1
Let x(b) = 12*b**3 + 6*b**2 - 47*b + 201. What is x(5)?
1616
Let s(f) = 1068*f + 4262. Calculate s(-4).
-10
Let l(s) = s**2 + 6203*s - 451837. Calculate l(72).
-37
Let o(j) = -5244*j + 5246. What is o(1)?
2
Let k(n) = n**3 - 204*n**2 + 1197*n - 6. Calculate k(6).
48
Let i(q) = -45822*q - 5452806. Determine i(-119).
12
Let t(y) = -y**2 + 142*y - 4027. What is t(39)?
-10
Let m(z) = -790703*z + 1581395. Determine m(2).
-11
Let f(b) = 1048*b - 146772. Calculate f(140).
-52
Let w(g) = -2232*g**2 - 84813*g + 104. What is w(-38)?
-10
Let r(h) = 27*h**3 + 325*h**2 + 6*h - 56. Give r(-12).
16
Let v(o) = 2*o**3 - 29*o**2 - 10*o - 143. Determine v(13).
-780
Let p(n) = 260*n - 5501. Determine p(22).
219
Let g(x) = 34492*x - 4483992. Determine g(130).
-32
Let b(y) = -36*y**2 + 1035*y - 6683. Determine b(19).
-14
Let b(x) = 8431*x - 75787. Determine b(9).
92
Let o(n) = -2*n**2 - 1879*n + 42291. Determine o(22).
-15
Let f(b) = -b**2 + 2176*b + 311948. Give f(-135).
-37
Let a(n) = -2*n**3 - 242*n**2 - 40*n - 5364. Determine a(-121).
-524
Let t(a) = 18*a - 3129. Determine t(95).
-1419
Let r(v) = -15150*v + 151491. What is r(10)?
-9
Let f(a) = -a**2 - 149*a - 1070. What is f(-7)?
-76
Let k(t) = -t**2 + 188*t + 1408. Determine k(193).
443
Let w(y) = -y**2 + 205556*y - 1644352. What is w(8)?
32
Let m(f) = 124876*f - 10239841. Calculate m(82).
-9
Let c(u) = -u**2 - 174*u - 3585. Calculate c(-24).
15
Let g(m) = -m**2 + 249*m - 477. Give g(247).
17
Let g(w) = w**3 - 20*w**2 + w + 945. Calculate g(15).
-165
Let h(j) = 40*j + 245. What is h(5)?
445
Let m(v) = 248*v - 167. Determine m(0).
-167
Let h(b) = 2*b**3 + 271*b**2 - 151*b - 2069. Determine h(-136).
-29
Let b(j) = 312*j - 1263. Determine b(3).
-327
Let f(n) = 28800*n + 172812. Calculate f(-6).
12
Let h(u) = -u**3 + 119*u**2 - 158*u + 4622. What is h(118)?
-98
Let d(p) = -5*p**2 - 504*p - 2790. Give d(-96).
-486
Let k(v) = 7*v**3 + 130*v**2 + 444*v - 56. Determine k(-14).
0
Let f(l) = -5*l**2 - 64629*l + 387756. Calculate f(6).
-198
Let o(g) = g**2 - 2485*g - 560151. Give o(-208).
-7
Let z(g) = 8*g**3 + 328*g**2 - 33*g - 51. Give z(-41).
1302
Let s(a) = -431*a**3 - 12*a**2 - 1068*a + 1082. What is s(1)?
-429
Let f(j) = -3*j**3 + 781*j**2 + 23906*j - 577. What is f(288)?
-1
Let t(y) = -6*y**2 + 329*y + 47. Determine t(0).
47
Let z(p) = 2*p**2 + 250*p + 4877. Calculate z(-100).
-123
Let y(k) = 6*k**2 + 6637*k - 33243. What is y(5)?
92
Let s(u) = -u**3 - 37*u**2 - 393*u - 995. Calculate s(-16).
-83
Let j(x) = -x**3 - 42*x**2 + 477*x + 3872. Give j(-50).
22
Let r(i) = -4*i**3 + 71*i**2 + 433*i - 70. Give r(22).
1228
Let t(h) = 9509*h - 2244123. Determine t(236).
1
Let r(d) = -28*d**2 + 376*d - 1244. Determine r(6).
4
Let w(b) = -445*b**2 - 2971*b - 2. Determine w(-7).
-1010
Let f(q) = -401*q - 32849. What is f(-76)?
-2373
Let u(j) = j**2 - 3208*j - 258851. Give u(-79).
822
Let n(s) = -2*s**2 - 30163*s + 301827. Give n(10).
-3
Let i(k) = k**2 + 104*k + 785. Determine i(-92).
-319
Let b(c) = 2263*c - 47175. Determine b(21).
348
Let c(m) = 5*m**3 + 18*m**2 - 45*m - 311. Calculate c(6).
1147
Let k(m) = 475421*m - 1901693. What is k(4)?
-9
Let z(u) = u**3 + 4*u**2 + 9114*u + 36435. Calculate z(-4).
-21
Let n(m) = 2921*m - 36419. Give n(12).
-1367
Let o(b) = 123*b**2 + 5281*b + 8. Calculate o(-44).
5772
Let y(a) = 762925*a - 762914. What is y(1)?
11
Let p(w) = 2*w**3 - 106*w**2 + 97*w + 367. Determine p(52).
3
Let o(y) = y**3 - 175*y**2 - 2565*y + 11839. Determine o(-17).
-44
Let b(i) = -8386*i - 326806. Determine b(-39).
248
Let k(o) = o**3 - 54*o**2 - 63*o + 2228. What is k(6)?
122
Let j(o) = 4*o**2 + 13339*o - 133786. Give j(10).
4
Let d(o) = -46611*o - 1817918. Determine d(-39).
-89
Let n(d) = 3403*d + 81704. Give n(-24).
32
Let c(h) = -3*h**2 + 917*h - 4439. Determine c(301).
-225
Let o(a) = 6849*a + 336313. Calculate o(-49).
712
Let d(a) = -a**3 + 35*a**2 - 85*a + 636. What is d(33)?
9
Let j(m) = 2*m**3 - 17*m**2 + 4029*m - 36340. Determine j(9).
2
Let c(d) = 7*d**2 + 317*d - 3056. Determine c(10).
814
Let m(y) = -884*y + 332. Determine m(5).
-4088
Let n(f) = -181*f**3 + 89*f**2 - 76*f - 14. Calculate n(1).
-182
Let a(v) = -79881*v - 958486. Determine a(-12).
86
Let g(n) = -11198*n - 2765899. What is g(-247)?
7
Let l(i) = 394*i**2 + 47*i + 27. Calculate l(-1).
374
Let m(r) = -r**3 + 10*r**2 + 10*r + 207. Give m(12).
39
Let c(n) = n**3 + 50*n**2 + 25*n - 1177. Determine c(-49).
-1
Let r(l) = l**3 + 549*l**2 + 3569*l - 121952. Determine r(-542).
-2
Let z(y) = 6*y**2 - 3164*y - 89624. What is z(-27)?
178
Let t(o) = 2*o**2 + 2978*o - 32792. Determine t(11).
208
Le